a multiple of 2?
False
Is 490 a multiple of 70?
True
Does 17 divide 51918?
True
Is 5 a factor of 2490?
True
Is 224 a multiple of 7?
True
Is 26 a factor of 194?
False
Does 49 divide 294?
True
Does 24 divide 1920?
True
Is 14 a factor of 178?
False
Is 6760 a multiple of 20?
True
Is 3397 a multiple of 43?
True
Is 2382 a multiple of 73?
False
Is 90 a multiple of 10?
True
Does 29 divide 442?
False
Is 2 a factor of 1796?
True
Does 67 divide 670?
True
Is 12507 a multiple of 8?
False
Does 55 divide 5524?
False
Does 129 divide 73676?
False
Is 1294 a multiple of 66?
False
Is 1010 a multiple of 2?
True
Is 62 a factor of 3630?
False
Is 36451 a multiple of 303?
False
Is 17 a factor of 14705?
True
Does 5 divide 105?
True
Does 29 divide 57928?
False
Is 360 a multiple of 11?
False
Is 88 a multiple of 11?
True
Is 2331 a multiple of 111?
True
Is 14 a factor of 2237?
False
Does 22 divide 13553?
False
Is 10919 a multiple of 5?
False
Is 51445 a multiple of 10?
False
Is 156 a factor of 7488?
True
Is 16 a factor of 617?
False
Is 18 a factor of 60?
False
Is 4 a factor of 2220?
True
Is 232 a multiple of 8?
True
Is 11340 a multiple of 18?
True
Does 75 divide 3600?
True
Does 20 divide 953?
False
Is 4078 a multiple of 11?
False
Does 14 divide 16506?
True
Is 16411 a multiple of 31?
False
Is 381 a multiple of 9?
False
Does 20 divide 800?
True
Is 12535 a multiple of 109?
True
Is 2882 a multiple of 3?
False
Is 12 a factor of 1283?
False
Is 7462 a multiple of 82?
True
Does 8 divide 3803?
False
Does 3 divide 3?
True
Is 65 a factor of 9620?
True
Is 42848 a multiple of 121?
False
Does 36 divide 1512?
True
Is 28 a factor of 4072?
False
Is 123 a factor of 123?
True
Is 4 a factor of 5968?
True
Is 11479 a multiple of 58?
False
Does 3 divide 25515?
True
Is 48 a factor of 24393?
False
Is 12 a factor of 612?
True
Is 232 a multiple of 4?
True
Is 14 a factor of 10752?
True
Does 21 divide 2661?
False
Is 4 a factor of 258?
False
Is 101 a multiple of 4?
False
Is 43028 a multiple of 37?
False
Is 18 a factor of 1636?
False
Does 2 divide 2780?
True
Is 10 a factor of 220?
True
Is 40 a factor of 1553?
False
Is 946 a multiple of 11?
True
Is 2546 a multiple of 13?
False
Does 118 divide 16520?
True
Is 657 a multiple of 43?
False
Is 4 a factor of 18?
False
Is 25089 a multiple of 12?
False
Is 29376 a multiple of 432?
True
Is 43 a factor of 1024?
False
Does 109 divide 5399?
False
Is 10 a factor of 316?
False
Is 525 a multiple of 15?
True
Is 8 a factor of 352?
True
Does 65 divide 1235?
True
Does 44 divide 881?
False
Is 18954 a multiple of 81?
True
Does 14 divide 599?
False
Is 11 a factor of 770?
True
Is 364 a multiple of 11?
False
Is 21 a factor of 567?
True
Does 51 divide 102?
True
Is 34539 a multiple of 29?
True
Is 190 a multiple of 10?
True
Does 11 divide 3805?
False
Is 12 a factor of 6504?
True
Is 84 a factor of 47376?
True
Does 17 divide 116?
False
Does 75 divide 150?
True
Is 3647 a multiple of 31?
False
Does 18 divide 4968?
True
Is 651 a multiple of 31?
True
Is 58 a multiple of 16?
False
Is 805 a multiple of 40?
False
Is 17 a factor of 1190?
True
Does 58 divide 60?
False
Does 45 divide 10868?
False
Does 4 divide 216?
True
Is 31 a factor of 1023?
True
Does 51 divide 2295?
True
Does 5 divide 775?
True
Does 17 divide 76262?
True
Is 21 a factor of 147?
True
Is 51 a multiple of 3?
True
Is 10 a factor of 880?
True
Does 45 divide 495?
True
Is 18 a factor of 5886?
True
Is 52 a factor of 312?
True
Is 7247 a multiple of 66?
False
Does 14 divide 390?
False
Is 110915 a multiple of 202?
False
Does 4 divide 1572?
True
Does 187 divide 17570?
False
Is 11471 a multiple of 5?
False
Is 161 a factor of 966?
True
Is 18313 a multiple of 18?
False
Is 596 a multiple of 4?
True
Is 38 a factor of 15884?
True
Does 20 divide 1400?
True
Does 10 divide 1377?
False
Is 7 a factor of 18655?
True
Does 15 divide 735?
True
Is 730 a multiple of 18?
False
Is 3703 a multiple of 66?
False
Is 31124 a multiple of 403?
False
Is 854 a multiple of 16?
False
Is 16335 a multiple of 132?
False
Does 11 divide 1125?
False
Is 14409 a multiple of 254?
False
Does 13 divide 20293?
True
Is 85677 a multiple of 227?
False
Is 79 a factor of 2370?
True
Does 2 divide 3919?
False
Is 19 a factor of 291?
False
Does 114 divide 4418?
False
Does 39 divide 4392?
False
Is 60 a factor of 2220?
True
Is 62213 a multiple of 10?
False
Is 1118 a multiple of 13?
True
Is 312 a multiple of 3?
True
Is 24489 a multiple of 100?
False
Is 94756 a multiple of 10?
False
Is 6 a factor of 1488?
True
Is 12 a factor of 1764?
True
Does 13 divide 40859?
True
Does 28 divide 29851?
False
Is 12 a factor of 22998?
False
Does 10 divide 705?
False
Is 2 a factor of 1550?
True
Is 16 a factor of 9819?
False
Is 71 a multiple of 3?
False
Is 11 a factor of 5709?
True
Does 3 divide 99?
True
Is 13 a factor of 260?
True
Is 2 a factor of 1507?
False
Is 16 a factor of 970?
False
Does 80 divide 560?
True
Is 10432 a multiple of 32?
True
Does 29 divide 1885?
True
Is 1270 a multiple of 79?
False
Is 15 a factor of 1080?
True
Is 15788 a multiple of 17?
False
Is 10 a factor of 10260?
True
Is 205 a factor of 50652?
False
Does 40 divide 1440?
True
Is 3893 a multiple of 166?
False
Is 864 a multiple of 8?
True
Does 243 divide 94284?
True
Is 13 a factor of 345?
False
Is 2853 a multiple of 142?
False
Is 37936 a multiple of 14?
False
Does 30 divide 1500?
True
Is 462 a multiple of 58?
False
Is 30 a factor of 3000?
True
Is 281 a multiple of 5?
False
Is 49478 a multiple of 13?
True
Is 2 a factor of 2779?
False
Does 35 divide 70?
True
Is 85196 a multiple of 76?
True
Is 54966 a multiple of 37?
False
Is 209 a multiple of 11?
True
Is 33 a factor of 9867?
True
Is 97 a factor of 244?
False
Is 3 a factor of 39?
True
Does 18 divide 6727?
False
Is 70 a factor of 1804?
False
Does 22 divide 128977?
False
Is 7 a factor of 2533?
False
Does 11 divide 117476?
False
Is 146 a factor of 23932?
False
Is 2424 a multiple of 19?
False
Is 252 a multiple of 28?
True
Does 81 divide 405?
True
Is 299 a multiple of 5?
False
Is 22 a factor of 5342?
False
Is 176 even?
True
Is 852 a multiple of 7?
False
Is 3472 a multiple of 56?
True
Is 9 a factor of 1593?
True
Is 15 a factor of 800?
False
Does 115 divide 668?
False
Is 156 a factor of 23608?
False
Is 15 a factor of 8040?
True
Is 66 a factor of 79266?
True
Does 7 divide 2148?
False
Is 49 a factor of 735?
True
Does 30 divide 2100?
True
Is 140 a multiple of 77?
False
Does 9 divide 1746?
True
Is 12 a factor of 895?
False
Is 1714 a multiple of 12?
False
Is 6603 even?
False
Does 7 divide 175?
True
Does 23 divide 37857?
False
Is 55727 a multiple of 34?
False
Does 22 divide 343?
False
Is 7 a factor of 889?
True
Is 14 a factor of 15540?
True
Does 9 divide 8424?
True
Is 4 a factor of 1063?
False
Does 8 divide 35477?
False
Is 12936 a multiple of 168?
True
Is 604 a multiple of 2?
True
Does 30 divide 12511?
False
Does 40 divide 7468?
False
Is 27 a factor of 827?
False
Is 10 a factor of 36?
False
Does 49 divide 13916?
True
Is 6 a factor of 10332?
True
Does 10 divide 134820?
True
Is 7952 a multiple of 16?
True
Is 12 a factor of 47712?
True
Is 8 a factor of 1029?
False
Is 2096 a multiple of 21?
False
Is 13 a factor of 364?
True
Is 59 a factor of 9913?
False
Does 10 divide 318?
False
Is 761 a multiple of 2?
False
Does 23 divide 11423?
False
Is 86 a multiple of 48?
False
Does 24 divide 916?
False
Does 96 divide 5856?
True
Is 111 a factor of 23532?
True
Does 4 divide 829?
False
Is 4984 a multiple of 7?
True
Is 35239 a multiple of 131?
True
Is 3 a factor of 1881?
True
Does 33 divide 3036?
True
Is 9661 a multiple of 34?
False
Is 3 a factor of 123?
True
Is 3 a factor of 251?
False
Is 6 a factor of 261?
False
Does 4 divide 908?
True
Is 2 a factor of 294?
True
Does 57 divide 11220?
False
Is 5 a factor of 20833?
False
Is 19 a factor of 97223?
True
Is 139 a multiple of 52?
False
Is 7900 a multiple of 88?
False
Does 10 divide 23720?
True
Is 18 a factor of 3071?
False
Is 9 a factor of 7217?
False
Is 1005 even?
False
Is 14 a factor of 420?
True
Is 3723 a multiple of 34?
False
Is 32 a factor of 1792?
True
Is 180 a multiple of 45?
True
Is 3478 a multiple of 13?
False
Is 134435 a multiple of 161?
True
Is 968 a multiple of 86?
False
Is 22 a factor of 8272?
True
Is 48 a factor of 6423?
False
Is 5 a factor of 116?
False
Is 14 a 